is the thousands digit of 3190?
3
What is the tens digit of 502?
0
What is the hundreds digit of 147126?
1
What is the ten thousands digit of 101551?
0
What is the units digit of 160?
0
What is the tens digit of 1891?
9
What is the units digit of 156?
6
What is the ten thousands digit of 160133?
6
What is the units digit of 711?
1
What is the thousands digit of 11452?
1
What is the units digit of 6594?
4
What is the units digit of 351?
1
What is the hundreds digit of 3305?
3
What is the tens digit of 689?
8
What is the hundreds digit of 243?
2
What is the hundreds digit of 95926?
9
What is the ten thousands digit of 16358?
1
What is the units digit of 13387?
7
What is the ten thousands digit of 11873?
1
What is the hundreds digit of 529?
5
What is the hundreds digit of 9313?
3
What is the hundreds digit of 23895?
8
What is the tens digit of 19276?
7
What is the units digit of 328?
8
What is the tens digit of 5460?
6
What is the units digit of 1?
1
What is the tens digit of 1203?
0
What is the thousands digit of 3310?
3
What is the tens digit of 6379?
7
What is the units digit of 706?
6
What is the tens digit of 4179?
7
What is the hundreds digit of 67187?
1
What is the hundreds digit of 15775?
7
What is the tens digit of 11202?
0
What is the hundreds digit of 89057?
0
What is the thousands digit of 2851?
2
What is the tens digit of 863?
6
What is the units digit of 1121?
1
What is the units digit of 851?
1
What is the units digit of 12368?
8
What is the tens digit of 912?
1
What is the units digit of 2662?
2
What is the hundreds digit of 11026?
0
What is the hundreds digit of 13726?
7
What is the units digit of 73092?
2
What is the thousands digit of 60203?
0
What is the ten thousands digit of 13272?
1
What is the ten thousands digit of 27529?
2
What is the tens digit of 1856?
5
What is the hundreds digit of 1755?
7
What is the tens digit of 2184?
8
What is the thousands digit of 1646?
1
What is the units digit of 39966?
6
What is the tens digit of 3693?
9
What is the hundreds digit of 1971?
9
What is the ten thousands digit of 12938?
1
What is the units digit of 1143?
3
What is the hundreds digit of 1612?
6
What is the tens digit of 5956?
5
What is the hundreds digit of 22613?
6
What is the thousands digit of 78575?
8
What is the tens digit of 8479?
7
What is the hundreds digit of 887?
8
What is the thousands digit of 2131?
2
What is the tens digit of 621?
2
What is the thousands digit of 1501?
1
What is the tens digit of 20297?
9
What is the units digit of 402?
2
What is the thousands digit of 10804?
0
What is the ten thousands digit of 38490?
3
What is the hundreds digit of 2118?
1
What is the tens digit of 8956?
5
What is the thousands digit of 44444?
4
What is the hundreds digit of 30863?
8
What is the thousands digit of 2662?
2
What is the tens digit of 23232?
3
What is the units digit of 5284?
4
What is the tens digit of 2957?
5
What is the tens digit of 393?
9
What is the thousands digit of 2580?
2
What is the hundreds digit of 34918?
9
What is the tens digit of 288?
8
What is the ten thousands digit of 35934?
3
What is the thousands digit of 42001?
2
What is the units digit of 8532?
2
What is the tens digit of 14000?
0
What is the hundreds digit of 1249?
2
What is the thousands digit of 23415?
3
What is the units digit of 7180?
0
What is the hundreds digit of 137?
1
What is the units digit of 1436?
6
What is the thousands digit of 19474?
9
What is the tens digit of 28139?
3
What is the hundreds digit of 2448?
4
What is the units digit of 259?
9
What is the tens digit of 1244?
4
What is the ten thousands digit of 14740?
1
What is the units digit of 237?
7
What is the hundreds digit of 120648?
6
What is the hundreds digit of 2202?
2
What is the hundreds digit of 5870?
8
What is the thousands digit of 20601?
0
What is the ten thousands digit of 100640?
0
What is the tens digit of 8147?
4
What is the units digit of 17404?
4
What is the units digit of 1065?
5
What is the ten thousands digit of 95866?
9
What is the ten thousands digit of 17748?
1
What is the hundreds digit of 13745?
7
What is the units digit of 450?
0
What is the units digit of 3635?
5
What is the hundreds digit of 2967?
9
What is the hundreds digit of 147243?
2
What is the tens digit of 7303?
0
What is the hundreds digit of 9156?
1
What is the hundreds digit of 50651?
6
What is the units digit of 822?
2
What is the ten thousands digit of 59404?
5
What is the ten thousands digit of 103451?
0
What is the tens digit of 15572?
7
What is the ten thousands digit of 80460?
8
What is the tens digit of 113234?
3
What is the units digit of 45?
5
What is the thousands digit of 39746?
9
What is the thousands digit of 11833?
1
What is the thousands digit of 1430?
1
What is the tens digit of 82464?
6
What is the hundreds digit of 6622?
6
What is the thousands digit of 8073?
8
What is the units digit of 2822?
2
What is the thousands digit of 3840?
3
What is the hundreds digit of 9432?
4
What is the units digit of 144733?
3
What is the hundreds digit of 46483?
4
What is the hundreds digit of 10460?
4
What is the tens digit of 9404?
0
What is the hundreds digit of 26400?
4
What is the thousands digit of 8767?
8
What is the units digit of 148917?
7
What is the units digit of 8107?
7
What is the thousands digit of 12709?
2
What is the units digit of 1305?
5
What is the hundreds digit of 19934?
9
What is the ten thousands digit of 105099?
0
What is the hundreds digit of 64856?
8
What is the tens digit of 1840?
4
What is the thousands digit of 2398?
2
What is the tens digit of 151?
5
What is the tens digit of 61921?
2
What is the hundreds digit of 2171?
1
What is the tens digit of 68322?
2
What is the units digit of 924?
4
What is the tens digit of 9301?
0
What is the hundreds digit of 2659?
6
What is the hundreds digit of 170?
1
What is the tens digit of 555?
5
What is the units digit of 3814?
4
What is the hundreds digit of 1490?
4
What is the tens digit of 110330?
3
What is the tens digit of 5138?
3
What is the ten thousands digit of 13033?
1
What is the hundreds digit of 7101?
1
What is the thousands digit of 17421?
7
What is the hundreds digit of 4486?
4
What is the units digit of 6932?
2
What is the units digit of 947?
7
What is the hundreds digit of 941?
9
What is the thousands digit of 19355?
9
What is the units digit of 3493?
3
What is the hundreds digit of 652?
6
What is the units digit of 330?
0
What is the units digit of 103757?
7
What is the units digit of 9320?
0
What is the tens digit of 2599?
9
What is the units digit of 16256?
6
What is the units digit of 2263?
3
What is the tens digit of 486?
8
What is the tens digit of 4310?
1
What is the hundreds digit of 1269?
2
What is the hundreds digit of 892?
8
What is the thousands digit of 88037?
8
What is the thousands digit of 24880?
4
What is the tens digit of 19705?
0
What is the units digit of 492?
2
What is the hundreds digit of 87035?
0
What is the tens digit of 1142?
4
What is the tens digit of 1074?
7
What is the thousands digit of 3002?
3
What is the thousands digit of 7859?
7
What is the tens digit of 11830?
3
What is the units digit of 1602?
2
What is the hundreds digit of 3717?
7
What is the tens digit of 1252?
5
What is the tens digit of 5562?
6
What is the tens digit of 1949?
4
What is the tens digit of 30050?
5
What is the thousands digit of 1673?
1
What is the hundreds digit of 11291?
2
What is the thousands digit of 1009?
1
What is the tens digit of 44753?
5
What is the hundreds digit of 1207?
2
What is the hundreds digit of 7943?
9
What is the units digit of 1059?
9
What is the units digit of 23605?
5
What is the hundreds digit of 573?
5
What is the units digit of 1277?
7
What is the thousands digit of 1662?
1
What is the tens digit of 4314?
1
What is the ten thousands digit of 27600?
2
What is the units digit of 24469?
9
What is the tens digit of 29946?
4
What is the hundreds digit of 64345?
3
What is the tens digit of 46?
4
What is the units digit of 1032?
2
What is the units digit of 100?
0
What is the ten thousands digit of 52251?
5
What is the thousands digit of 1963?
1
What is the ten thousands digit of 18433?
1
What is the units digit of 3486?
6
What is the units digit of 11465?
5
What is the units digi